units digit of t?
7
Suppose f - 22 = b, -12*b + 17*b = 4*f - 106. What is the hundreds digit of 2890/6 - 6/b?
4
Let k be ((-1)/1 - -1) + -982 + 3. Let g = k + 1756. What is the units digit of g?
7
Let y = -1312 + 3561. What is the thousands digit of y?
2
Let d = -6507 + 16668. What is the ten thousands digit of d?
1
Let k be (-8 - 120/(-16))*0/2. What is the hundreds digit of (-2 - (-4)/8*k) + 145?
1
Let h = 11161 + -11164. Let k(w) = 0 - 79*w - 13 - 11. What is the tens digit of k(h)?
1
Let w(b) = -2*b**3 - 15*b**2 + 9*b + 4. Let h be w(-8). What is the tens digit of 286/h*(19 - 37)?
8
Let h(t) = 13*t**2 - 2*t - 16. Let p be h(7). Let l = p + -319. What is the hundreds digit of l?
2
Suppose -2*b + 4 = 6, -b - 16 = -5*x. Suppose 5*u = r - 339, u - 12 = -x*r - 67. Let g = u - -69. What is the units digit of g?
2
Let i = -997 + 2575. Suppose -205 = 2*o - 5*s - i, -4*s = -3*o + 2070. What is the tens digit of o?
9
Suppose -z = 7, a + 471*z - 467*z = 34108. What is the units digit of a?
6
Let l(p) = -52*p**3 - 3*p**2 + 10*p + 7. What is the tens digit of l(-4)?
4
Let l(n) = -n**2 + 19*n + 34. Let y be l(14). Suppose 0 = 102*b - y*b + 448. What is the tens digit of b?
2
Let g(q) = 5*q + 14. Let b = 79 + -57. What is the hundreds digit of g(b)?
1
Let n(l) = 531*l**3 + 2*l**2 - 5*l - 6. Let j(g) = -531*g**3 - 2*g**2 + 6*g + 7. Let t(d) = -4*j(d) - 5*n(d). What is the hundreds digit of t(-1)?
5
Let g = -123 + -56. Let o = g - -505. Suppose -320 = -3*f - 5*q + o, f + q = 214. What is the tens digit of f?
1
Let y(p) = -37*p - 132. Suppose -3*m + b - 91 = 0, 4*m - 8*b = -3*b - 114. What is the units digit of y(m)?
5
Let t = 23935 - -31333. What is the units digit of t?
8
Let f(z) = 2*z - 3. Let w be f(6). Let o be w/36 + 827/4. Let u = -40 + o. What is the hundreds digit of u?
1
Let g be (-340)/(-8)*5/((-75)/(-6)). Suppose 2*l + g*b = 14*b + 677, -3*l + 5*b = -1044. What is the units digit of l?
3
Let c = -38 - -81. Let l = c - 41. Suppose 135 = l*g - 21. What is the tens digit of g?
7
Suppose 0*n - 4*n + 3 = -z, -3*z + 8 = 5*n. Let r(a) = 707*a + 3. What is the hundreds digit of r(n)?
7
Let o(n) = 63*n - 4. Let c(j) = -1. Let r(h) = -2*c(h) + o(h). Let x be r(5). Let w = x - 123. What is the hundreds digit of w?
1
What is the units digit of 10 + (0 - 7) + -8 + 25681?
6
Let t(i) = -5*i + 5. Let r be t(-1). Let b(s) = -r*s + 15*s - 9*s + 11. What is the units digit of b(-8)?
3
Suppose 509 - 1757 = 4*n. Let j = n + 861. What is the tens digit of j?
4
Let k be (-345)/(-46)*(1/(-3) - -1). Suppose 8*d - 21 = -k. Suppose -5*q = -2*f + 305, -d*f - 5*q = -0*f - 275. What is the tens digit of f?
4
Let i be (-4 - 64/(-20)) + (-89)/(-5). Suppose -3*w - i*j = -12*j - 357, 2*w - 238 = -3*j. What is the tens digit of w?
1
Let o be (-3 - (-9042)/(-30)) + 2/5. What is the tens digit of 2 - ((-4)/1)/((-32)/o)?
4
Let j(c) = -4*c**3 + 3*c**2 + 2*c**3 + 3*c + c**3 - c**3 - 11*c**2 - 3. What is the units digit of j(-8)?
5
Suppose 0*u + 3*u + 24 = 0. Let j(k) = -3*k**2 - 7*k + 3. Let a(p) = -3*p**2 - 8*p + 1. Let i(w) = -5*a(w) + 4*j(w). What is the tens digit of i(u)?
0
Let r = -96 + 78. Let s be ((-16)/r)/(2/9). Suppose 0*h = 5*h + 3*z - 457, s*z = 3*h - 251. What is the units digit of h?
9
Suppose -5*y + 4*b + 37287 = -27216, -12867 = -y - 4*b. What is the thousands digit of y?
2
Suppose 0 = -5*d + g + 1391, 4*d + 5*g = 1101 + 6. Let n = 473 - d. What is the hundreds digit of n?
1
Let z = -1 + 7. Suppose -17*k + 20*k = z. Suppose 36 = k*s - 4*b - 28, -5*b + 20 = 0. What is the tens digit of s?
4
Let y = -66 + 94. Suppose 272 = 4*r + y. Suppose 4*g - 60 = 5*o + 181, g - 2*o - r = 0. What is the units digit of g?
9
Suppose -153*q + 4133783 + 31811217 = 367*q. What is the tens digit of q?
2
Let h = 2218 - -4892. What is the hundreds digit of h?
1
Let g(a) = -128*a**2 - 18. Let k be g(3). What is the tens digit of 104 + -97 - (k + 1)?
7
Let n = -7801 + 52158. What is the units digit of n?
7
Let u(j) = -j**3 + j**2 + 2*j - 5. Let d be u(-2). Suppose q + k - 91 = 22, -2*k = d*q - 343. What is the hundreds digit of q?
1
Let g(b) = b**2 - 26*b - 186. Let c be g(-6). Suppose 4*n - 910 = -c*n. What is the units digit of n?
1
Let u = 298 - 290. Let d(q) = 38*q - 119. What is the tens digit of d(u)?
8
Suppose -2*l + 2*l + 32175 = 3*l. What is the thousands digit of l?
0
Let j = -15206 + 35036. What is the tens digit of j?
3
Suppose -21*y + 16*y + 1145 = 2*l, 0 = -4*y + 20. What is the hundreds digit of l?
5
Let v(x) = 9*x**2 + 41*x + 2781. What is the ten thousands digit of v(-64)?
3
Let p(u) = 2233*u**3 - 4*u**2 + 15*u - 11. What is the thousands digit of p(1)?
2
Let l = 956 + 44350. What is the tens digit of l?
0
Let x = -75 - -80. Suppose x*p = 8*p. Suppose 2*b + w - 350 = -b, -b - 2*w + 120 = p. What is the hundreds digit of b?
1
Let r(v) be the first derivative of v**3 + v**2/2 + v + 2. Let t(l) = -4*l + 86. Let i be t(21). What is the tens digit of r(i)?
1
Let a = 22 - 20. Suppose 0 = 5*g + 9*h - 10*h - 10, -a*g = h - 11. What is the units digit of 5/(-25)*(2 + -10 + g)?
1
Let d = 20148 + -12583. What is the tens digit of d?
6
Let o = 30 + -106. Let f = o + 72. What is the hundreds digit of (f/18)/(-1) - 1429/(-9)?
1
Let q = -24 + 29. Suppose -q*o = 58 - 288. Let v = -28 + o. What is the tens digit of v?
1
Suppose 3*g - 5*h - 33837 = 0, -g + 21*h + 11272 = 17*h. What is the hundreds digit of g?
2
Let c(u) = 1106*u + 176. What is the units digit of c(3)?
4
Let q(p) = -5*p**2 + 9*p + 11. Let r be q(8). Let f = r - -320. What is the units digit of f?
3
Let r(y) = 3*y - 10. Let c be r(-2). Let f = 20 + c. Suppose f*g + 168 = 488. What is the tens digit of g?
8
What is the tens digit of (40/3)/((-380)/(-415530))?
8
Let k(c) = 52*c + 27. Let h be k(17). What is the hundreds digit of h + -1*(-6)/(-18)*12?
9
Let p be ((-348)/(-16))/(3*4/34560). Suppose p = 40*x - 4*x. What is the thousands digit of x?
1
Suppose 0 = -14*h + 15*h - 17. Let g(r) = 16*r + 46. What is the hundreds digit of g(h)?
3
Let b(u) = u**3 - 2*u**2 - u. Let c be b(3). Suppose -2*j = -140 - c. Let l = j - 20. What is the tens digit of l?
5
Let r = -12425 - -47457. What is the units digit of r?
2
Suppose 1402*g - 1386*g - 101984 = 0. What is the tens digit of g?
7
Let r be 4 - (6 - 9 - -5). Suppose 3*f + 171 = 3*k, -r*f + 54 = 2*k - 44. What is the tens digit of k?
5
Suppose 19*c - 15*c - 656 = 0. Suppose c = 3*o - 115. What is the tens digit of o?
9
What is the units digit of ((-156)/(-3))/((-12)/(-13626))?
6
Suppose 3*j + 105 = 5*y, -5*y + 70 = -0*y + 4*j. Suppose -s = 2*s - 2*d - 28, -y = -2*s + 2*d. Suppose 0 = 8*a - s*a + 236. What is the units digit of a?
8
Let f(k) = k**3 + 4*k**2 - 3*k + 34. Let i be f(-10). Let a be ((-4)/(-1))/(1/194). Let z = i + a. What is the hundreds digit of z?
2
Suppose -5*a + 4 = 26*w - 25*w, -5*w = -a - 20. What is the units digit of w/((-80)/(-15)) - 5106/(-8)?
9
Let g = -8454 + 13668. What is the hundreds digit of g?
2
Let n(s) = -s**3 - 9*s**2 + 6*s. Let j be n(-10). Suppose 1209 = m - j. Suppose -15*h - m = -4639. What is the tens digit of h?
2
Let b be (48/32)/((-3)/490). Let v = b + 1008. What is the units digit of v?
3
Let o(l) = -157*l - 4131. What is the tens digit of o(-34)?
0
Let p(q) = 4*q**3 + 16*q**2 - 14*q - 36. What is the units digit of p(11)?
0
Let i(m) = -7*m**2 + m - 10 + 0*m + m**3 + 5*m - 5*m. Let q(h) = -h**3 + 3*h**2 + 4*h - 4. Let g be q(3). What is the units digit of i(g)?
2
Let g(q) = -q**3 - 16*q**2 + 13*q - 12. Let r be ((-4)/2 + 0)*-5. Let f = r - 27. What is the units digit of g(f)?
6
Let b = 532 + -145. What is the tens digit of b + 2 + (-5 - -11)?
9
Suppose 72 = 9*k - 11*k. Let n = k + 47. Suppose -11 = -n*v + 242. What is the tens digit of v?
2
Let p = 123967 + -73486. What is the units digit of p?
1
Let z = -483 + 441. What is the tens digit of (-21)/z - 355/(-2)?
7
Let i = -322 + 363. Let p = 613 + i. What is the tens digit of p?
5
Let q be 2/(-10) - (-49182)/35. Suppose -8*u - q = -4157. What is the units digit of u?
4
Suppose -445412 = -88*d + 596295 + 285069. What is the units digit of d?
7
What is the tens digit of -2*(-15684 + 1) - (-1 + 30/(-5))?
7
Let k(x) = 2*x**2 - 8*x + 3. Let o be k(3). What is the tens digit of (21 + 198)/(o/(-2))?
4